he greatest common divisor of 11775 and 6594.
471
What is the highest common factor of 16684 and 33853?
97
What is the highest common factor of 77 and 9823?
11
What is the highest common factor of 330 and 298210?
110
What is the greatest common divisor of 42173 and 3?
1
What is the greatest common divisor of 50460 and 60?
60
Calculate the greatest common divisor of 620 and 38502.
62
What is the greatest common divisor of 9287 and 4769?
251
Calculate the highest common factor of 7000 and 1375.
125
Calculate the highest common factor of 73383 and 488.
61
Calculate the greatest common factor of 2184 and 3224.
104
Calculate the highest common factor of 1624715 and 10.
5
What is the highest common divisor of 15316 and 135109?
547
What is the highest common divisor of 96 and 374982?
6
What is the greatest common divisor of 19589 and 38?
19
Calculate the highest common divisor of 393 and 12314.
131
Calculate the greatest common factor of 1230 and 376790.
410
What is the highest common divisor of 137534 and 2?
2
Calculate the greatest common divisor of 9594560 and 320.
320
What is the greatest common divisor of 1856 and 106256?
464
What is the greatest common divisor of 12683 and 11?
11
What is the highest common divisor of 1149800 and 400?
200
Calculate the highest common factor of 147 and 84.
21
What is the greatest common factor of 28086 and 17856?
186
What is the greatest common factor of 8745 and 2376?
33
Calculate the greatest common factor of 595 and 14.
7
Calculate the highest common divisor of 11484 and 52668.
396
What is the greatest common factor of 624 and 141492?
156
Calculate the greatest common factor of 5 and 77140.
5
What is the highest common factor of 15 and 779?
1
What is the greatest common factor of 130 and 9490?
130
What is the greatest common divisor of 11352 and 704?
88
What is the greatest common divisor of 400 and 116320?
80
What is the highest common divisor of 1168218 and 36?
18
Calculate the greatest common factor of 327685 and 5.
5
Calculate the greatest common divisor of 20 and 2349180.
20
What is the greatest common divisor of 1624 and 150472?
56
Calculate the highest common divisor of 71 and 88679.
71
What is the greatest common factor of 16 and 995736?
8
Calculate the highest common factor of 2497 and 15209.
227
Calculate the highest common divisor of 1517 and 65379.
37
What is the highest common factor of 167216 and 1624?
56
What is the greatest common factor of 2094 and 3162?
6
Calculate the highest common divisor of 7 and 1160593.
7
What is the greatest common factor of 3430800 and 25?
25
Calculate the greatest common divisor of 871696 and 496.
16
What is the highest common factor of 3 and 2943723?
3
What is the highest common factor of 206 and 69319?
103
What is the greatest common divisor of 25 and 994615?
5
What is the greatest common factor of 334954 and 1796?
898
What is the greatest common factor of 3589 and 6111?
97
What is the greatest common factor of 3135 and 1520?
95
Calculate the highest common factor of 58 and 166141.
29
What is the greatest common divisor of 628786 and 76?
38
What is the highest common divisor of 524 and 54234?
262
What is the greatest common divisor of 8442 and 1512?
126
What is the greatest common divisor of 7906 and 14338?
134
Calculate the greatest common divisor of 1775 and 2050.
25
What is the highest common factor of 1095 and 22119?
219
What is the greatest common factor of 115 and 255?
5
What is the greatest common divisor of 118320 and 56260?
580
Calculate the highest common divisor of 19376 and 15904.
112
What is the highest common divisor of 450048 and 1664?
128
Calculate the highest common factor of 24240659 and 619.
619
What is the greatest common factor of 15808 and 47918?
494
What is the greatest common divisor of 690030 and 36?
18
Calculate the highest common factor of 405 and 14256.
81
Calculate the greatest common factor of 409 and 239265.
409
What is the highest common divisor of 404 and 684?
4
Calculate the highest common divisor of 14823 and 14013.
81
Calculate the highest common factor of 14035 and 2835.
35
Calculate the highest common factor of 209175 and 75.
75
What is the highest common divisor of 1760 and 44320?
160
What is the highest common divisor of 13771 and 517?
47
Calculate the greatest common factor of 242 and 20834.
22
What is the greatest common divisor of 1020 and 862750?
170
What is the highest common factor of 35 and 257?
1
What is the greatest common factor of 623 and 199093?
89
Calculate the highest common factor of 1034 and 154.
22
What is the greatest common factor of 31 and 441?
1
Calculate the highest common factor of 53133 and 3.
3
What is the greatest common factor of 3702 and 4?
2
What is the greatest common factor of 3623728 and 16?
16
Calculate the highest common divisor of 10821 and 183.
3
Calculate the greatest common factor of 7119 and 1229553.
1017
What is the highest common factor of 494999 and 4432?
277
Calculate the greatest common factor of 4432 and 30288.
16
What is the greatest common divisor of 23825 and 35261?
953
What is the highest common factor of 308 and 30338?
154
Calculate the highest common factor of 26265 and 16575.
255
What is the highest common factor of 124240 and 16?
16
Calculate the highest common divisor of 52 and 26494.
26
Calculate the highest common divisor of 31110 and 13908.
366
What is the greatest common factor of 126255 and 443?
443
Calculate the highest common factor of 74172 and 84.
84
What is the greatest common divisor of 40 and 39090?
10
What is the highest common factor of 10 and 100540?
10
Calculate the highest common divisor of 69630 and 540.
30
Calculate the highest common factor of 92 and 3184.
4
What is the highest common divisor of 17848 and 1610?
46
Calculate the highest common factor of 12 and 10530.
6
What is the highest common factor of 176 and 367576?
88
Calculate the highest common divisor of 976513 and 1.
1
Calculate the highest common divisor of 8771 and 19332.
179
What is the greatest common factor of 2391 and 3491657?
797
What is the greatest common factor of 76 and 39178?
38
Calculate the highest common divisor of 207681 and 2109.
111
Calculate the greatest common divisor of 69789 and 2451.
129
What is the highest common factor of 131383 and 7?
7
What is the highest common divisor of 102748 and 204?
68
Calculate the greatest common divisor of 4134 and 2384629.
689
Calculate the greatest common factor of 306 and 170595.
153
What is the greatest common factor of 564 and 25756?
188
Calculate the greatest common divisor of 6831 and 328647.
759
Calculate the greatest common divisor of 9 and 10383.
3
Calculate the highest common factor of 74 and 1472230.
74
What is the greatest common factor of 24405 and 30?
15
What is the greatest common divisor of 29 and 637362?
29
Calculate the highest common factor of 438477 and 13.
13
What is the highest common divisor of 59414 and 122?
122
What is the highest common divisor of 966 and 1121526?
966
Calculate the highest common factor of 26207 and 60671.
359
Calculate the highest common divisor of 3408 and 5751.
213
Calculate the highest common divisor of 325 and 1225.
25
What is the highest common factor of 20141 and 209?
11
What is the greatest common factor of 126 and 41524?
14
Calculate the greatest common divisor of 1458 and 423.
9
Calculate the greatest common factor of 4301 and 2112.
11
Calculate the highest common factor of 157998 and 68.
34
What is the highest common factor of 728 and 43056?
104
Calculate the highest common divisor of 335797 and 4984.
623
Calculate the greatest common factor of 2120 and 13144.
424
Calculate the highest common factor of 1448 and 17592.
8
Calculate the highest common divisor of 13016 and 4.
4
What is the highest common divisor of 139797 and 12363?
951
What is the highest common factor of 32903 and 351?
13
Calculate the highest common factor of 30 and 245130.
30
Calculate the greatest common divisor of 142690 and 855.
95
What is the greatest common factor of 40478 and 148?
74
What is the greatest common divisor of 112194 and 5796?
414
Calculate the highest common divisor of 270 and 93290.
10
What is the highest common divisor of 1215 and 23070?
15
Calculate the highest common factor of 9816 and 216770.
